{"id":650968,"date":"2026-04-09T10:48:56","date_gmt":"2026-04-09T08:48:56","guid":{"rendered":"https:\/\/www.fannymichel.se\/produkt\/dani-top-with-lace-back-black\/"},"modified":"2026-06-26T12:13:03","modified_gmt":"2026-06-26T10:13:03","slug":"dani-top-with-lace-back-black","status":"publish","type":"product","link":"https:\/\/www.fannymichel.se\/fi\/dani-top-with-lace-back-black\/","title":{"rendered":"Dani &#8211; Top with lace back &#8211; Black"},"content":{"rendered":"<p>Cute short-sleeved top in a nice stretchy model!<\/p>\n<p \/>\nV-neck.<\/p>\n<p \/>\nThe entire back and shoulders are made of lace.<\/p>\n<p \/>\n<p><strong>Size measurements:<\/strong><\/p>\n<p \/>\nS\/M<\/p>\n<p \/>\n\u2022 Armpit to armpit circumference: approx. 100 cm, can be stretched more.<\/p>\n<p \/>\n\u2022 Length, shoulder and down: approx. 67 cm<\/p>\n<p \/>\nL\/XL<\/p>\n<p \/>\n\u2022 Armpit to armpit circumference: approx. 104 cm, can be stretched more.<\/p>\n<p \/>\n\u2022 Length, shoulder and down: approx. 67 cm<\/p>\n<p \/>\n","protected":false},"excerpt":{"rendered":"<p>Cute short-sleeved top in a nice stretchy model! V-neck. The entire back and shoulders are made of lace. Size measurements: S\/M \u2022 Armpit to armpit circumference: approx. 100 cm, can be stretched more. \u2022 Length, shoulder and down: approx. 67 cm L\/XL \u2022 Armpit to armpit circumference: approx. 104 cm, can be stretched more. \u2022 [&hellip;]<\/p>\n","protected":false},"featured_media":651452,"comment_status":"open","ping_status":"closed","template":"","meta":{"_acf_changed":false,"om_disable_all_campaigns":false},"product_brand":[],"product_cat":[54,563,619,637,635,569,605],"product_tag":[],"class_list":["post-650968","product","type-product","status-publish","has-post-thumbnail","product_cat-news","product_cat-sale","product_cat-short-sleeved-shirts","product_cat-sweaters","product_cat-tops-fi-2","product_cat-tops","product_cat-tops-fi","first","outofstock","sale","taxable","shipping-taxable","purchasable","product-type-variable"],"acf":[],"yoast_head":"<!-- This site is optimized with the Yoast SEO plugin v28.3 - https:\/\/yoast.com\/product\/yoast-seo-wordpress\/ -->\n<title>Dani - Top with lace back - Black - Fanny Michel<\/title>\n<meta name=\"robots\" content=\"index, follow, max-snippet:-1, max-image-preview:large, max-video-preview:-1\" \/>\n<link rel=\"canonical\" href=\"https:\/\/www.fannymichel.se\/fi\/dani-top-with-lace-back-black\/\" \/>\n<meta property=\"og:locale\" content=\"en_GB\" \/>\n<meta property=\"og:type\" content=\"article\" \/>\n<meta property=\"og:title\" content=\"Dani - Top with lace back - Black - Fanny Michel\" \/>\n<meta property=\"og:description\" content=\"Cute short-sleeved top in a nice stretchy model! V-neck. The entire back and shoulders are made of lace. Size measurements: S\/M \u2022 Armpit to armpit circumference: approx. 100 cm, can be stretched more. \u2022 Length, shoulder and down: approx. 67 cm L\/XL \u2022 Armpit to armpit circumference: approx. 104 cm, can be stretched more. \u2022 [&hellip;]\" \/>\n<meta property=\"og:url\" content=\"https:\/\/www.fannymichel.se\/fi\/dani-top-with-lace-back-black\/\" \/>\n<meta property=\"og:site_name\" content=\"Fanny Michel\" \/>\n<meta property=\"article:modified_time\" content=\"2026-06-26T10:13:03+00:00\" \/>\n<meta name=\"twitter:card\" content=\"summary_large_image\" \/>\n<meta name=\"twitter:label1\" content=\"Estimated reading time\" \/>\n\t<meta name=\"twitter:data1\" content=\"1 minute\" \/>\n<script type=\"application\/ld+json\" class=\"yoast-schema-graph\">{\"@context\":\"https:\\\/\\\/schema.org\",\"@graph\":[{\"@type\":\"WebPage\",\"@id\":\"https:\\\/\\\/www.fannymichel.se\\\/fi\\\/dani-top-with-lace-back-black\\\/\",\"url\":\"https:\\\/\\\/www.fannymichel.se\\\/fi\\\/dani-top-with-lace-back-black\\\/\",\"name\":\"Dani - Top with lace back - Black - Fanny Michel\",\"isPartOf\":{\"@id\":\"https:\\\/\\\/www.fannymichel.se\\\/fi\\\/#website\"},\"primaryImageOfPage\":{\"@id\":\"https:\\\/\\\/www.fannymichel.se\\\/fi\\\/dani-top-with-lace-back-black\\\/#primaryimage\"},\"image\":{\"@id\":\"https:\\\/\\\/www.fannymichel.se\\\/fi\\\/dani-top-with-lace-back-black\\\/#primaryimage\"},\"thumbnailUrl\":\"https:\\\/\\\/www.fannymichel.se\\\/wp-content\\\/uploads\\\/2026\\\/04\\\/whatsapp-image-2026-04-09-at-163127-4.jpeg\",\"datePublished\":\"2026-04-09T08:48:56+00:00\",\"dateModified\":\"2026-06-26T10:13:03+00:00\",\"breadcrumb\":{\"@id\":\"https:\\\/\\\/www.fannymichel.se\\\/fi\\\/dani-top-with-lace-back-black\\\/#breadcrumb\"},\"inLanguage\":\"en-GB\",\"potentialAction\":[{\"@type\":\"ReadAction\",\"target\":[\"https:\\\/\\\/www.fannymichel.se\\\/fi\\\/dani-top-with-lace-back-black\\\/\"]}]},{\"@type\":\"ImageObject\",\"inLanguage\":\"en-GB\",\"@id\":\"https:\\\/\\\/www.fannymichel.se\\\/fi\\\/dani-top-with-lace-back-black\\\/#primaryimage\",\"url\":\"https:\\\/\\\/www.fannymichel.se\\\/wp-content\\\/uploads\\\/2026\\\/04\\\/whatsapp-image-2026-04-09-at-163127-4.jpeg\",\"contentUrl\":\"https:\\\/\\\/www.fannymichel.se\\\/wp-content\\\/uploads\\\/2026\\\/04\\\/whatsapp-image-2026-04-09-at-163127-4.jpeg\",\"width\":1313,\"height\":2000,\"caption\":\"Vaaleahiuksinen nainen hymyilee ja poseeraa k\u00e4si taskussa sis\u00e4tilassa. Taustalla on suuri kullattu peili, kenk\u00e4pareja lattialla ja mallinukkeja; sein\u00e4ll\u00e4 kehystetty juliste, jossa teksti \u201cCASA FANNY\u201d ja \u201cFanny Michel\u201d.\"},{\"@type\":\"BreadcrumbList\",\"@id\":\"https:\\\/\\\/www.fannymichel.se\\\/fi\\\/dani-top-with-lace-back-black\\\/#breadcrumb\",\"itemListElement\":[{\"@type\":\"ListItem\",\"position\":1,\"name\":\"Hem\",\"item\":\"https:\\\/\\\/www.fannymichel.se\\\/fi\\\/\"},{\"@type\":\"ListItem\",\"position\":2,\"name\":\"Shop\",\"item\":\"https:\\\/\\\/www.fannymichel.se\\\/butik\\\/\"},{\"@type\":\"ListItem\",\"position\":3,\"name\":\"Dani &#8211; Top with lace back &#8211; Black\"}]},{\"@type\":\"WebSite\",\"@id\":\"https:\\\/\\\/www.fannymichel.se\\\/fi\\\/#website\",\"url\":\"https:\\\/\\\/www.fannymichel.se\\\/fi\\\/\",\"name\":\"Fanny Michel\",\"description\":\"\",\"potentialAction\":[{\"@type\":\"SearchAction\",\"target\":{\"@type\":\"EntryPoint\",\"urlTemplate\":\"https:\\\/\\\/www.fannymichel.se\\\/fi\\\/?s={search_term_string}\"},\"query-input\":{\"@type\":\"PropertyValueSpecification\",\"valueRequired\":true,\"valueName\":\"search_term_string\"}}],\"inLanguage\":\"en-GB\"}]}<\/script>\n<!-- \/ Yoast SEO plugin. -->","yoast_head_json":{"title":"Dani - Top with lace back - Black - Fanny Michel","robots":{"index":"index","follow":"follow","max-snippet":"max-snippet:-1","max-image-preview":"max-image-preview:large","max-video-preview":"max-video-preview:-1"},"canonical":"https:\/\/www.fannymichel.se\/fi\/dani-top-with-lace-back-black\/","og_locale":"en_GB","og_type":"article","og_title":"Dani - Top with lace back - Black - Fanny Michel","og_description":"Cute short-sleeved top in a nice stretchy model! V-neck. The entire back and shoulders are made of lace. Size measurements: S\/M \u2022 Armpit to armpit circumference: approx. 100 cm, can be stretched more. \u2022 Length, shoulder and down: approx. 67 cm L\/XL \u2022 Armpit to armpit circumference: approx. 104 cm, can be stretched more. \u2022 [&hellip;]","og_url":"https:\/\/www.fannymichel.se\/fi\/dani-top-with-lace-back-black\/","og_site_name":"Fanny Michel","article_modified_time":"2026-06-26T10:13:03+00:00","twitter_card":"summary_large_image","twitter_misc":{"Estimated reading time":"1 minute"},"schema":{"@context":"https:\/\/schema.org","@graph":[{"@type":"WebPage","@id":"https:\/\/www.fannymichel.se\/fi\/dani-top-with-lace-back-black\/","url":"https:\/\/www.fannymichel.se\/fi\/dani-top-with-lace-back-black\/","name":"Dani - Top with lace back - Black - Fanny Michel","isPartOf":{"@id":"https:\/\/www.fannymichel.se\/fi\/#website"},"primaryImageOfPage":{"@id":"https:\/\/www.fannymichel.se\/fi\/dani-top-with-lace-back-black\/#primaryimage"},"image":{"@id":"https:\/\/www.fannymichel.se\/fi\/dani-top-with-lace-back-black\/#primaryimage"},"thumbnailUrl":"https:\/\/www.fannymichel.se\/wp-content\/uploads\/2026\/04\/whatsapp-image-2026-04-09-at-163127-4.jpeg","datePublished":"2026-04-09T08:48:56+00:00","dateModified":"2026-06-26T10:13:03+00:00","breadcrumb":{"@id":"https:\/\/www.fannymichel.se\/fi\/dani-top-with-lace-back-black\/#breadcrumb"},"inLanguage":"en-GB","potentialAction":[{"@type":"ReadAction","target":["https:\/\/www.fannymichel.se\/fi\/dani-top-with-lace-back-black\/"]}]},{"@type":"ImageObject","inLanguage":"en-GB","@id":"https:\/\/www.fannymichel.se\/fi\/dani-top-with-lace-back-black\/#primaryimage","url":"https:\/\/www.fannymichel.se\/wp-content\/uploads\/2026\/04\/whatsapp-image-2026-04-09-at-163127-4.jpeg","contentUrl":"https:\/\/www.fannymichel.se\/wp-content\/uploads\/2026\/04\/whatsapp-image-2026-04-09-at-163127-4.jpeg","width":1313,"height":2000,"caption":"Vaaleahiuksinen nainen hymyilee ja poseeraa k\u00e4si taskussa sis\u00e4tilassa. Taustalla on suuri kullattu peili, kenk\u00e4pareja lattialla ja mallinukkeja; sein\u00e4ll\u00e4 kehystetty juliste, jossa teksti \u201cCASA FANNY\u201d ja \u201cFanny Michel\u201d."},{"@type":"BreadcrumbList","@id":"https:\/\/www.fannymichel.se\/fi\/dani-top-with-lace-back-black\/#breadcrumb","itemListElement":[{"@type":"ListItem","position":1,"name":"Hem","item":"https:\/\/www.fannymichel.se\/fi\/"},{"@type":"ListItem","position":2,"name":"Shop","item":"https:\/\/www.fannymichel.se\/butik\/"},{"@type":"ListItem","position":3,"name":"Dani &#8211; Top with lace back &#8211; Black"}]},{"@type":"WebSite","@id":"https:\/\/www.fannymichel.se\/fi\/#website","url":"https:\/\/www.fannymichel.se\/fi\/","name":"Fanny Michel","description":"","potentialAction":[{"@type":"SearchAction","target":{"@type":"EntryPoint","urlTemplate":"https:\/\/www.fannymichel.se\/fi\/?s={search_term_string}"},"query-input":{"@type":"PropertyValueSpecification","valueRequired":true,"valueName":"search_term_string"}}],"inLanguage":"en-GB"}]}},"jetpack_sharing_enabled":true,"permalink_manager":null,"_links":{"self":[{"href":"https:\/\/www.fannymichel.se\/fi\/wp-json\/wp\/v2\/product\/650968","targetHints":{"allow":["GET"]}}],"collection":[{"href":"https:\/\/www.fannymichel.se\/fi\/wp-json\/wp\/v2\/product"}],"about":[{"href":"https:\/\/www.fannymichel.se\/fi\/wp-json\/wp\/v2\/types\/product"}],"replies":[{"embeddable":true,"href":"https:\/\/www.fannymichel.se\/fi\/wp-json\/wp\/v2\/comments?post=650968"}],"wp:featuredmedia":[{"embeddable":true,"href":"https:\/\/www.fannymichel.se\/fi\/wp-json\/wp\/v2\/media\/651452"}],"wp:attachment":[{"href":"https:\/\/www.fannymichel.se\/fi\/wp-json\/wp\/v2\/media?parent=650968"}],"wp:term":[{"taxonomy":"product_brand","embeddable":true,"href":"https:\/\/www.fannymichel.se\/fi\/wp-json\/wp\/v2\/product_brand?post=650968"},{"taxonomy":"product_cat","embeddable":true,"href":"https:\/\/www.fannymichel.se\/fi\/wp-json\/wp\/v2\/product_cat?post=650968"},{"taxonomy":"product_tag","embeddable":true,"href":"https:\/\/www.fannymichel.se\/fi\/wp-json\/wp\/v2\/product_tag?post=650968"}],"curies":[{"name":"wp","href":"https:\/\/api.w.org\/{rel}","templated":true}]}}

<!-- This site is optimized with the Yoast SEO plugin v28.3 - https://yoast.com/product/yoast-seo-wordpress/ -->
<title>Dani - Top with lace back - Black - Fanny Michel</title>
<meta name="robots" content="index, follow, max-snippet:-1, max-image-preview:large, max-video-preview:-1" />
<link rel="canonical" href="https://www.fannymichel.se/fi/dani-top-with-lace-back-black/" />
<meta property="og:locale" content="en_GB" />
<meta property="og:type" content="article" />
<meta property="og:title" content="Dani - Top with lace back - Black - Fanny Michel" />
<meta property="og:description" content="Cute short-sleeved top in a nice stretchy model! V-neck. The entire back and shoulders are made of lace. Size measurements: S/M • Armpit to armpit circumference: approx. 100 cm, can be stretched more. • Length, shoulder and down: approx. 67 cm L/XL • Armpit to armpit circumference: approx. 104 cm, can be stretched more. • [&hellip;]" />
<meta property="og:url" content="https://www.fannymichel.se/fi/dani-top-with-lace-back-black/" />
<meta property="og:site_name" content="Fanny Michel" />
<meta property="article:modified_time" content="2026-06-26T10:13:03+00:00" />
<meta name="twitter:card" content="summary_large_image" />
<meta name="twitter:label1" content="Estimated reading time" />
	<meta name="twitter:data1" content="1 minute" />
<script type="application/ld+json" class="yoast-schema-graph">{"@context":"https:\/\/schema.org","@graph":[{"@type":"WebPage","@id":"https:\/\/www.fannymichel.se\/fi\/dani-top-with-lace-back-black\/","url":"https:\/\/www.fannymichel.se\/fi\/dani-top-with-lace-back-black\/","name":"Dani - Top with lace back - Black - Fanny Michel","isPartOf":{"@id":"https:\/\/www.fannymichel.se\/fi\/#website"},"primaryImageOfPage":{"@id":"https:\/\/www.fannymichel.se\/fi\/dani-top-with-lace-back-black\/#primaryimage"},"image":{"@id":"https:\/\/www.fannymichel.se\/fi\/dani-top-with-lace-back-black\/#primaryimage"},"thumbnailUrl":"https:\/\/www.fannymichel.se\/wp-content\/uploads\/2026\/04\/whatsapp-image-2026-04-09-at-163127-4.jpeg","datePublished":"2026-04-09T08:48:56+00:00","dateModified":"2026-06-26T10:13:03+00:00","breadcrumb":{"@id":"https:\/\/www.fannymichel.se\/fi\/dani-top-with-lace-back-black\/#breadcrumb"},"inLanguage":"en-GB","potentialAction":[{"@type":"ReadAction","target":["https:\/\/www.fannymichel.se\/fi\/dani-top-with-lace-back-black\/"]}]},{"@type":"ImageObject","inLanguage":"en-GB","@id":"https:\/\/www.fannymichel.se\/fi\/dani-top-with-lace-back-black\/#primaryimage","url":"https:\/\/www.fannymichel.se\/wp-content\/uploads\/2026\/04\/whatsapp-image-2026-04-09-at-163127-4.jpeg","contentUrl":"https:\/\/www.fannymichel.se\/wp-content\/uploads\/2026\/04\/whatsapp-image-2026-04-09-at-163127-4.jpeg","width":1313,"height":2000,"caption":"Vaaleahiuksinen nainen hymyilee ja poseeraa käsi taskussa sisätilassa. Taustalla on suuri kullattu peili, kenkäpareja lattialla ja mallinukkeja; seinällä kehystetty juliste, jossa teksti “CASA FANNY” ja “Fanny Michel”."},{"@type":"BreadcrumbList","@id":"https:\/\/www.fannymichel.se\/fi\/dani-top-with-lace-back-black\/#breadcrumb","itemListElement":[{"@type":"ListItem","position":1,"name":"Hem","item":"https:\/\/www.fannymichel.se\/fi\/"},{"@type":"ListItem","position":2,"name":"Shop","item":"https:\/\/www.fannymichel.se\/butik\/"},{"@type":"ListItem","position":3,"name":"Dani &#8211; Top with lace back &#8211; Black"}]},{"@type":"WebSite","@id":"https:\/\/www.fannymichel.se\/fi\/#website","url":"https:\/\/www.fannymichel.se\/fi\/","name":"Fanny Michel","description":"","potentialAction":[{"@type":"SearchAction","target":{"@type":"EntryPoint","urlTemplate":"https:\/\/www.fannymichel.se\/fi\/?s={search_term_string}"},"query-input":{"@type":"PropertyValueSpecification","valueRequired":true,"valueName":"search_term_string"}}],"inLanguage":"en-GB"}]}</script>
<!-- / Yoast SEO plugin. -->

Vaaleahiuksinen nainen hymyilee ja poseeraa käsi taskussa sisätilassa. Taustalla on suuri kullattu peili, kenkäpareja lattialla ja mallinukkeja; seinällä kehystetty juliste, jossa teksti “CASA FANNY” ja “Fanny Michel”.
