{"id":644543,"date":"2026-04-05T11:49:35","date_gmt":"2026-04-05T09:49:35","guid":{"rendered":"https:\/\/www.fannymichel.se\/produkt\/amy-short-sleeve-top-with-lace-beige\/"},"modified":"2026-07-04T13:00:08","modified_gmt":"2026-07-04T11:00:08","slug":"amy-short-sleeve-top-with-lace-beige","status":"publish","type":"product","link":"https:\/\/www.fannymichel.se\/fi\/amy-short-sleeve-top-with-lace-beige\/","title":{"rendered":"Amy &#8211; Short sleeve top with lace &#8211; Beige"},"content":{"rendered":"<p>Nice stretchy top with shorter sleeves!<\/p>\n<p \/>\nLace edges around the sleeve cuffs and around the neckline!<br \/>\nWider stretchy lace section at the bottom of the tank top.<\/p>\n<p \/>\n<p><strong>Dimensions of the tank top:<\/strong><\/p>\n<p \/>\n<strong>Onesize<\/strong><\/p>\n<p \/>\n\u2022 Armpit to armpit circumference: approx. 100 cm, can be stretched more.<\/p>\n<p \/>\n\u2022 Length from shoulder to bottom: approx. 70 cm including the lace.<\/p>\n<p \/>\n&#8212;&#8212;&#8212;&#8212;&#8212;&#8212;&#8212;&#8212;&#8212;&#8212;&#8212;&#8212;&#8212;&#8212;&#8212;&#8212;&#8212;&#8212;&#8212;&#8212;&#8212;&#8212;&#8211;<\/p>\n<p \/>\nOnesize, fits approximately S\/36 &#8211; XL\/42.<\/p>\n<p \/>\n","protected":false},"excerpt":{"rendered":"<p>Nice stretchy top with shorter sleeves! Lace edges around the sleeve cuffs and around the neckline! Wider stretchy lace section at the bottom of the tank top. Dimensions of the tank top: Onesize \u2022 Armpit to armpit circumference: approx. 100 cm, can be stretched more. \u2022 Length from shoulder to bottom: approx. 70 cm including [&hellip;]<\/p>\n","protected":false},"featured_media":644673,"comment_status":"open","ping_status":"closed","template":"","meta":{"_acf_changed":false,"om_disable_all_campaigns":false},"product_brand":[],"product_cat":[54,563,619,569,605,635],"product_tag":[],"class_list":["post-644543","product","type-product","status-publish","has-post-thumbnail","product_cat-news","product_cat-sale","product_cat-short-sleeved-shirts","product_cat-tops","product_cat-tops-fi","product_cat-tops-fi-2","first","outofstock","sale","taxable","shipping-taxable","purchasable","product-type-variable"],"acf":[],"yoast_head":"<!-- This site is optimized with the Yoast SEO plugin v28.3 - https:\/\/yoast.com\/product\/yoast-seo-wordpress\/ -->\n<title>Amy - Short sleeve top with lace - Beige - Fanny Michel<\/title>\n<meta name=\"robots\" content=\"index, follow, max-snippet:-1, max-image-preview:large, max-video-preview:-1\" \/>\n<link rel=\"canonical\" href=\"https:\/\/www.fannymichel.se\/fi\/amy-short-sleeve-top-with-lace-beige\/\" \/>\n<meta property=\"og:locale\" content=\"en_GB\" \/>\n<meta property=\"og:type\" content=\"article\" \/>\n<meta property=\"og:title\" content=\"Amy - Short sleeve top with lace - Beige - Fanny Michel\" \/>\n<meta property=\"og:description\" content=\"Nice stretchy top with shorter sleeves! Lace edges around the sleeve cuffs and around the neckline! Wider stretchy lace section at the bottom of the tank top. Dimensions of the tank top: Onesize \u2022 Armpit to armpit circumference: approx. 100 cm, can be stretched more. \u2022 Length from shoulder to bottom: approx. 70 cm including [&hellip;]\" \/>\n<meta property=\"og:url\" content=\"https:\/\/www.fannymichel.se\/fi\/amy-short-sleeve-top-with-lace-beige\/\" \/>\n<meta property=\"og:site_name\" content=\"Fanny Michel\" \/>\n<meta property=\"article:modified_time\" content=\"2026-07-04T11:00:08+00:00\" \/>\n<meta name=\"twitter:card\" content=\"summary_large_image\" \/>\n<meta name=\"twitter:label1\" content=\"Estimated reading time\" \/>\n\t<meta name=\"twitter:data1\" content=\"1 minute\" \/>\n<script type=\"application\/ld+json\" class=\"yoast-schema-graph\">{\"@context\":\"https:\\\/\\\/schema.org\",\"@graph\":[{\"@type\":\"WebPage\",\"@id\":\"https:\\\/\\\/www.fannymichel.se\\\/fi\\\/amy-short-sleeve-top-with-lace-beige\\\/\",\"url\":\"https:\\\/\\\/www.fannymichel.se\\\/fi\\\/amy-short-sleeve-top-with-lace-beige\\\/\",\"name\":\"Amy - Short sleeve top with lace - Beige - Fanny Michel\",\"isPartOf\":{\"@id\":\"https:\\\/\\\/www.fannymichel.se\\\/fi\\\/#website\"},\"primaryImageOfPage\":{\"@id\":\"https:\\\/\\\/www.fannymichel.se\\\/fi\\\/amy-short-sleeve-top-with-lace-beige\\\/#primaryimage\"},\"image\":{\"@id\":\"https:\\\/\\\/www.fannymichel.se\\\/fi\\\/amy-short-sleeve-top-with-lace-beige\\\/#primaryimage\"},\"thumbnailUrl\":\"https:\\\/\\\/www.fannymichel.se\\\/wp-content\\\/uploads\\\/2026\\\/02\\\/whatsapp-image-2026-02-10-at-133211-2.jpeg\",\"datePublished\":\"2026-04-05T09:49:35+00:00\",\"dateModified\":\"2026-07-04T11:00:08+00:00\",\"breadcrumb\":{\"@id\":\"https:\\\/\\\/www.fannymichel.se\\\/fi\\\/amy-short-sleeve-top-with-lace-beige\\\/#breadcrumb\"},\"inLanguage\":\"en-GB\",\"potentialAction\":[{\"@type\":\"ReadAction\",\"target\":[\"https:\\\/\\\/www.fannymichel.se\\\/fi\\\/amy-short-sleeve-top-with-lace-beige\\\/\"]}]},{\"@type\":\"ImageObject\",\"inLanguage\":\"en-GB\",\"@id\":\"https:\\\/\\\/www.fannymichel.se\\\/fi\\\/amy-short-sleeve-top-with-lace-beige\\\/#primaryimage\",\"url\":\"https:\\\/\\\/www.fannymichel.se\\\/wp-content\\\/uploads\\\/2026\\\/02\\\/whatsapp-image-2026-02-10-at-133211-2.jpeg\",\"contentUrl\":\"https:\\\/\\\/www.fannymichel.se\\\/wp-content\\\/uploads\\\/2026\\\/02\\\/whatsapp-image-2026-02-10-at-133211-2.jpeg\",\"width\":1536,\"height\":2048,\"caption\":\"Vaaleahiuksinen nainen hymyilee ja pit\u00e4\u00e4 k\u00e4tt\u00e4 niskansa takana vaatekaupassa. H\u00e4nell\u00e4 on valkoinen pitsireunainen paita. Taustalla peili, kehystetyt valokuvat ja mallinukke, jossa teksti \u201cFanny Michel\u201d.\"},{\"@type\":\"BreadcrumbList\",\"@id\":\"https:\\\/\\\/www.fannymichel.se\\\/fi\\\/amy-short-sleeve-top-with-lace-beige\\\/#breadcrumb\",\"itemListElement\":[{\"@type\":\"ListItem\",\"position\":1,\"name\":\"Hem\",\"item\":\"https:\\\/\\\/www.fannymichel.se\\\/fi\\\/\"},{\"@type\":\"ListItem\",\"position\":2,\"name\":\"Shop\",\"item\":\"https:\\\/\\\/www.fannymichel.se\\\/butik\\\/\"},{\"@type\":\"ListItem\",\"position\":3,\"name\":\"Amy &#8211; Short sleeve top with lace &#8211; Beige\"}]},{\"@type\":\"WebSite\",\"@id\":\"https:\\\/\\\/www.fannymichel.se\\\/fi\\\/#website\",\"url\":\"https:\\\/\\\/www.fannymichel.se\\\/fi\\\/\",\"name\":\"Fanny Michel\",\"description\":\"\",\"potentialAction\":[{\"@type\":\"SearchAction\",\"target\":{\"@type\":\"EntryPoint\",\"urlTemplate\":\"https:\\\/\\\/www.fannymichel.se\\\/fi\\\/?s={search_term_string}\"},\"query-input\":{\"@type\":\"PropertyValueSpecification\",\"valueRequired\":true,\"valueName\":\"search_term_string\"}}],\"inLanguage\":\"en-GB\"}]}<\/script>\n<!-- \/ Yoast SEO plugin. -->","yoast_head_json":{"title":"Amy - Short sleeve top with lace - Beige - Fanny Michel","robots":{"index":"index","follow":"follow","max-snippet":"max-snippet:-1","max-image-preview":"max-image-preview:large","max-video-preview":"max-video-preview:-1"},"canonical":"https:\/\/www.fannymichel.se\/fi\/amy-short-sleeve-top-with-lace-beige\/","og_locale":"en_GB","og_type":"article","og_title":"Amy - Short sleeve top with lace - Beige - Fanny Michel","og_description":"Nice stretchy top with shorter sleeves! Lace edges around the sleeve cuffs and around the neckline! Wider stretchy lace section at the bottom of the tank top. Dimensions of the tank top: Onesize \u2022 Armpit to armpit circumference: approx. 100 cm, can be stretched more. \u2022 Length from shoulder to bottom: approx. 70 cm including [&hellip;]","og_url":"https:\/\/www.fannymichel.se\/fi\/amy-short-sleeve-top-with-lace-beige\/","og_site_name":"Fanny Michel","article_modified_time":"2026-07-04T11:00:08+00:00","twitter_card":"summary_large_image","twitter_misc":{"Estimated reading time":"1 minute"},"schema":{"@context":"https:\/\/schema.org","@graph":[{"@type":"WebPage","@id":"https:\/\/www.fannymichel.se\/fi\/amy-short-sleeve-top-with-lace-beige\/","url":"https:\/\/www.fannymichel.se\/fi\/amy-short-sleeve-top-with-lace-beige\/","name":"Amy - Short sleeve top with lace - Beige - Fanny Michel","isPartOf":{"@id":"https:\/\/www.fannymichel.se\/fi\/#website"},"primaryImageOfPage":{"@id":"https:\/\/www.fannymichel.se\/fi\/amy-short-sleeve-top-with-lace-beige\/#primaryimage"},"image":{"@id":"https:\/\/www.fannymichel.se\/fi\/amy-short-sleeve-top-with-lace-beige\/#primaryimage"},"thumbnailUrl":"https:\/\/www.fannymichel.se\/wp-content\/uploads\/2026\/02\/whatsapp-image-2026-02-10-at-133211-2.jpeg","datePublished":"2026-04-05T09:49:35+00:00","dateModified":"2026-07-04T11:00:08+00:00","breadcrumb":{"@id":"https:\/\/www.fannymichel.se\/fi\/amy-short-sleeve-top-with-lace-beige\/#breadcrumb"},"inLanguage":"en-GB","potentialAction":[{"@type":"ReadAction","target":["https:\/\/www.fannymichel.se\/fi\/amy-short-sleeve-top-with-lace-beige\/"]}]},{"@type":"ImageObject","inLanguage":"en-GB","@id":"https:\/\/www.fannymichel.se\/fi\/amy-short-sleeve-top-with-lace-beige\/#primaryimage","url":"https:\/\/www.fannymichel.se\/wp-content\/uploads\/2026\/02\/whatsapp-image-2026-02-10-at-133211-2.jpeg","contentUrl":"https:\/\/www.fannymichel.se\/wp-content\/uploads\/2026\/02\/whatsapp-image-2026-02-10-at-133211-2.jpeg","width":1536,"height":2048,"caption":"Vaaleahiuksinen nainen hymyilee ja pit\u00e4\u00e4 k\u00e4tt\u00e4 niskansa takana vaatekaupassa. H\u00e4nell\u00e4 on valkoinen pitsireunainen paita. Taustalla peili, kehystetyt valokuvat ja mallinukke, jossa teksti \u201cFanny Michel\u201d."},{"@type":"BreadcrumbList","@id":"https:\/\/www.fannymichel.se\/fi\/amy-short-sleeve-top-with-lace-beige\/#breadcrumb","itemListElement":[{"@type":"ListItem","position":1,"name":"Hem","item":"https:\/\/www.fannymichel.se\/fi\/"},{"@type":"ListItem","position":2,"name":"Shop","item":"https:\/\/www.fannymichel.se\/butik\/"},{"@type":"ListItem","position":3,"name":"Amy &#8211; Short sleeve top with lace &#8211; Beige"}]},{"@type":"WebSite","@id":"https:\/\/www.fannymichel.se\/fi\/#website","url":"https:\/\/www.fannymichel.se\/fi\/","name":"Fanny Michel","description":"","potentialAction":[{"@type":"SearchAction","target":{"@type":"EntryPoint","urlTemplate":"https:\/\/www.fannymichel.se\/fi\/?s={search_term_string}"},"query-input":{"@type":"PropertyValueSpecification","valueRequired":true,"valueName":"search_term_string"}}],"inLanguage":"en-GB"}]}},"jetpack_sharing_enabled":true,"permalink_manager":null,"_links":{"self":[{"href":"https:\/\/www.fannymichel.se\/fi\/wp-json\/wp\/v2\/product\/644543","targetHints":{"allow":["GET"]}}],"collection":[{"href":"https:\/\/www.fannymichel.se\/fi\/wp-json\/wp\/v2\/product"}],"about":[{"href":"https:\/\/www.fannymichel.se\/fi\/wp-json\/wp\/v2\/types\/product"}],"replies":[{"embeddable":true,"href":"https:\/\/www.fannymichel.se\/fi\/wp-json\/wp\/v2\/comments?post=644543"}],"wp:featuredmedia":[{"embeddable":true,"href":"https:\/\/www.fannymichel.se\/fi\/wp-json\/wp\/v2\/media\/644673"}],"wp:attachment":[{"href":"https:\/\/www.fannymichel.se\/fi\/wp-json\/wp\/v2\/media?parent=644543"}],"wp:term":[{"taxonomy":"product_brand","embeddable":true,"href":"https:\/\/www.fannymichel.se\/fi\/wp-json\/wp\/v2\/product_brand?post=644543"},{"taxonomy":"product_cat","embeddable":true,"href":"https:\/\/www.fannymichel.se\/fi\/wp-json\/wp\/v2\/product_cat?post=644543"},{"taxonomy":"product_tag","embeddable":true,"href":"https:\/\/www.fannymichel.se\/fi\/wp-json\/wp\/v2\/product_tag?post=644543"}],"curies":[{"name":"wp","href":"https:\/\/api.w.org\/{rel}","templated":true}]}}

<!-- This site is optimized with the Yoast SEO plugin v28.3 - https://yoast.com/product/yoast-seo-wordpress/ -->
<title>Amy - Short sleeve top with lace - Beige - Fanny Michel</title>
<meta name="robots" content="index, follow, max-snippet:-1, max-image-preview:large, max-video-preview:-1" />
<link rel="canonical" href="https://www.fannymichel.se/fi/amy-short-sleeve-top-with-lace-beige/" />
<meta property="og:locale" content="en_GB" />
<meta property="og:type" content="article" />
<meta property="og:title" content="Amy - Short sleeve top with lace - Beige - Fanny Michel" />
<meta property="og:description" content="Nice stretchy top with shorter sleeves! Lace edges around the sleeve cuffs and around the neckline! Wider stretchy lace section at the bottom of the tank top. Dimensions of the tank top: Onesize • Armpit to armpit circumference: approx. 100 cm, can be stretched more. • Length from shoulder to bottom: approx. 70 cm including [&hellip;]" />
<meta property="og:url" content="https://www.fannymichel.se/fi/amy-short-sleeve-top-with-lace-beige/" />
<meta property="og:site_name" content="Fanny Michel" />
<meta property="article:modified_time" content="2026-07-04T11:00:08+00:00" />
<meta name="twitter:card" content="summary_large_image" />
<meta name="twitter:label1" content="Estimated reading time" />
	<meta name="twitter:data1" content="1 minute" />
<script type="application/ld+json" class="yoast-schema-graph">{"@context":"https:\/\/schema.org","@graph":[{"@type":"WebPage","@id":"https:\/\/www.fannymichel.se\/fi\/amy-short-sleeve-top-with-lace-beige\/","url":"https:\/\/www.fannymichel.se\/fi\/amy-short-sleeve-top-with-lace-beige\/","name":"Amy - Short sleeve top with lace - Beige - Fanny Michel","isPartOf":{"@id":"https:\/\/www.fannymichel.se\/fi\/#website"},"primaryImageOfPage":{"@id":"https:\/\/www.fannymichel.se\/fi\/amy-short-sleeve-top-with-lace-beige\/#primaryimage"},"image":{"@id":"https:\/\/www.fannymichel.se\/fi\/amy-short-sleeve-top-with-lace-beige\/#primaryimage"},"thumbnailUrl":"https:\/\/www.fannymichel.se\/wp-content\/uploads\/2026\/02\/whatsapp-image-2026-02-10-at-133211-2.jpeg","datePublished":"2026-04-05T09:49:35+00:00","dateModified":"2026-07-04T11:00:08+00:00","breadcrumb":{"@id":"https:\/\/www.fannymichel.se\/fi\/amy-short-sleeve-top-with-lace-beige\/#breadcrumb"},"inLanguage":"en-GB","potentialAction":[{"@type":"ReadAction","target":["https:\/\/www.fannymichel.se\/fi\/amy-short-sleeve-top-with-lace-beige\/"]}]},{"@type":"ImageObject","inLanguage":"en-GB","@id":"https:\/\/www.fannymichel.se\/fi\/amy-short-sleeve-top-with-lace-beige\/#primaryimage","url":"https:\/\/www.fannymichel.se\/wp-content\/uploads\/2026\/02\/whatsapp-image-2026-02-10-at-133211-2.jpeg","contentUrl":"https:\/\/www.fannymichel.se\/wp-content\/uploads\/2026\/02\/whatsapp-image-2026-02-10-at-133211-2.jpeg","width":1536,"height":2048,"caption":"Vaaleahiuksinen nainen hymyilee ja pitää kättä niskansa takana vaatekaupassa. Hänellä on valkoinen pitsireunainen paita. Taustalla peili, kehystetyt valokuvat ja mallinukke, jossa teksti “Fanny Michel”."},{"@type":"BreadcrumbList","@id":"https:\/\/www.fannymichel.se\/fi\/amy-short-sleeve-top-with-lace-beige\/#breadcrumb","itemListElement":[{"@type":"ListItem","position":1,"name":"Hem","item":"https:\/\/www.fannymichel.se\/fi\/"},{"@type":"ListItem","position":2,"name":"Shop","item":"https:\/\/www.fannymichel.se\/butik\/"},{"@type":"ListItem","position":3,"name":"Amy &#8211; Short sleeve top with lace &#8211; Beige"}]},{"@type":"WebSite","@id":"https:\/\/www.fannymichel.se\/fi\/#website","url":"https:\/\/www.fannymichel.se\/fi\/","name":"Fanny Michel","description":"","potentialAction":[{"@type":"SearchAction","target":{"@type":"EntryPoint","urlTemplate":"https:\/\/www.fannymichel.se\/fi\/?s={search_term_string}"},"query-input":{"@type":"PropertyValueSpecification","valueRequired":true,"valueName":"search_term_string"}}],"inLanguage":"en-GB"}]}</script>
<!-- / Yoast SEO plugin. -->

Vaaleahiuksinen nainen hymyilee ja pitää kättä niskansa takana vaatekaupassa. Hänellä on valkoinen pitsireunainen paita. Taustalla peili, kehystetyt valokuvat ja mallinukke, jossa teksti “Fanny Michel”.
