{"id":608297,"date":"2026-04-23T14:05:06","date_gmt":"2026-04-23T12:05:06","guid":{"rendered":"https:\/\/www.fannymichel.se\/produkt\/selena-short-dress-paisley-navy\/"},"modified":"2026-04-30T14:15:53","modified_gmt":"2026-04-30T12:15:53","slug":"selena-short-dress-paisley-navy","status":"publish","type":"product","link":"https:\/\/www.fannymichel.se\/fi\/selena-short-dress-paisley-navy\/","title":{"rendered":"Selena Short dress &#8211; Paisley &#8211; Navy"},"content":{"rendered":"<p>Beautiful dress with a nice pattern and small sleeves!<\/p>\n<p \/>\nIs smocked at the waist and pockets on the side.<\/p>\n<p \/>\n<strong>Dimensions:<\/strong><\/p>\n<p \/>\n<strong>Onesize<\/strong><\/p>\n<p \/>\nWaist circumference: approx. 62 cm, can be stretched to approx. 100 cm<\/p>\n<p \/>\nLength from shoulder to bottom: approx. 107 cm<\/p>\n<p \/>\n&#8212;&#8212;&#8212;&#8212;&#8212;&#8212;&#8212;&#8212;&#8212;&#8212;&#8212;&#8212;&#8212;&#8212;&#8212;&#8212;&#8212;&#8212;&#8212;&#8212;&#8212;&#8212;&#8211;<\/p>\n<p \/>\nOnesize, fits approximately XS\/34 &#8211; small L\/40<\/p>\n<p \/>\nRead more under specifications.<\/p>\n<p \/>\n","protected":false},"excerpt":{"rendered":"<p>Beautiful dress with a nice pattern and small sleeves! Is smocked at the waist and pockets on the side. Dimensions: Onesize Waist circumference: approx. 62 cm, can be stretched to approx. 100 cm Length from shoulder to bottom: approx. 107 cm &#8212;&#8212;&#8212;&#8212;&#8212;&#8212;&#8212;&#8212;&#8212;&#8212;&#8212;&#8212;&#8212;&#8212;&#8212;&#8212;&#8212;&#8212;&#8212;&#8212;&#8212;&#8212;&#8211; Onesize, fits approximately XS\/34 &#8211; small L\/40 Read more under specifications.<\/p>\n","protected":false},"featured_media":608660,"comment_status":"open","ping_status":"closed","template":"","meta":{"_acf_changed":false,"om_disable_all_campaigns":false},"product_brand":[],"product_cat":[534,54,542,554],"product_tag":[],"class_list":{"0":"post-608297","1":"product","2":"type-product","3":"status-publish","4":"has-post-thumbnail","6":"product_cat-dresses-skirts","7":"product_cat-news","8":"product_cat-short-dresses","9":"product_cat-summer-dresses","11":"first","12":"outofstock","13":"taxable","14":"shipping-taxable","15":"purchasable","16":"product-type-variable"},"acf":[],"yoast_head":"<!-- This site is optimized with the Yoast SEO plugin v27.5 - https:\/\/yoast.com\/product\/yoast-seo-wordpress\/ -->\n<title>Selena Short dress - Paisley - Navy - Fanny Michel<\/title>\n<meta name=\"robots\" content=\"index, follow, max-snippet:-1, max-image-preview:large, max-video-preview:-1\" \/>\n<link rel=\"canonical\" href=\"https:\/\/www.fannymichel.se\/fi\/selena-short-dress-paisley-navy\/\" \/>\n<meta property=\"og:locale\" content=\"en_GB\" \/>\n<meta property=\"og:type\" content=\"article\" \/>\n<meta property=\"og:title\" content=\"Selena Short dress - Paisley - Navy - Fanny Michel\" \/>\n<meta property=\"og:description\" content=\"Beautiful dress with a nice pattern and small sleeves! Is smocked at the waist and pockets on the side. Dimensions: Onesize Waist circumference: approx. 62 cm, can be stretched to approx. 100 cm Length from shoulder to bottom: approx. 107 cm &#8212;&#8212;&#8212;&#8212;&#8212;&#8212;&#8212;&#8212;&#8212;&#8212;&#8212;&#8212;&#8212;&#8212;&#8212;&#8212;&#8212;&#8212;&#8212;&#8212;&#8212;&#8212;&#8211; Onesize, fits approximately XS\/34 &#8211; small L\/40 Read more under specifications.\" \/>\n<meta property=\"og:url\" content=\"https:\/\/www.fannymichel.se\/fi\/selena-short-dress-paisley-navy\/\" \/>\n<meta property=\"og:site_name\" content=\"Fanny Michel\" \/>\n<meta property=\"article:modified_time\" content=\"2026-04-30T12:15:53+00:00\" \/>\n<meta property=\"og:image\" content=\"https:\/\/www.fannymichel.se\/wp-content\/uploads\/2025\/04\/whatsapp-image-2025-04-03-at-171859-2.jpeg\" \/>\n\t<meta property=\"og:image:width\" content=\"806\" \/>\n\t<meta property=\"og:image:height\" content=\"1280\" \/>\n\t<meta property=\"og:image:type\" content=\"image\/jpeg\" \/>\n<meta name=\"twitter:card\" content=\"summary_large_image\" \/>\n<meta name=\"twitter:label1\" content=\"Estimated reading time\" \/>\n\t<meta name=\"twitter:data1\" content=\"1 minute\" \/>\n<script type=\"application\/ld+json\" class=\"yoast-schema-graph\">{\"@context\":\"https:\\\/\\\/schema.org\",\"@graph\":[{\"@type\":\"WebPage\",\"@id\":\"https:\\\/\\\/www.fannymichel.se\\\/fi\\\/selena-short-dress-paisley-navy\\\/\",\"url\":\"https:\\\/\\\/www.fannymichel.se\\\/fi\\\/selena-short-dress-paisley-navy\\\/\",\"name\":\"Selena Short dress - Paisley - Navy - Fanny Michel\",\"isPartOf\":{\"@id\":\"https:\\\/\\\/www.fannymichel.se\\\/fi\\\/#website\"},\"primaryImageOfPage\":{\"@id\":\"https:\\\/\\\/www.fannymichel.se\\\/fi\\\/selena-short-dress-paisley-navy\\\/#primaryimage\"},\"image\":{\"@id\":\"https:\\\/\\\/www.fannymichel.se\\\/fi\\\/selena-short-dress-paisley-navy\\\/#primaryimage\"},\"thumbnailUrl\":\"https:\\\/\\\/www.fannymichel.se\\\/wp-content\\\/uploads\\\/2025\\\/04\\\/whatsapp-image-2025-04-03-at-171859-2.jpeg\",\"datePublished\":\"2026-04-23T12:05:06+00:00\",\"dateModified\":\"2026-04-30T12:15:53+00:00\",\"breadcrumb\":{\"@id\":\"https:\\\/\\\/www.fannymichel.se\\\/fi\\\/selena-short-dress-paisley-navy\\\/#breadcrumb\"},\"inLanguage\":\"en-GB\",\"potentialAction\":[{\"@type\":\"ReadAction\",\"target\":[\"https:\\\/\\\/www.fannymichel.se\\\/fi\\\/selena-short-dress-paisley-navy\\\/\"]}]},{\"@type\":\"ImageObject\",\"inLanguage\":\"en-GB\",\"@id\":\"https:\\\/\\\/www.fannymichel.se\\\/fi\\\/selena-short-dress-paisley-navy\\\/#primaryimage\",\"url\":\"https:\\\/\\\/www.fannymichel.se\\\/wp-content\\\/uploads\\\/2025\\\/04\\\/whatsapp-image-2025-04-03-at-171859-2.jpeg\",\"contentUrl\":\"https:\\\/\\\/www.fannymichel.se\\\/wp-content\\\/uploads\\\/2025\\\/04\\\/whatsapp-image-2025-04-03-at-171859-2.jpeg\",\"width\":806,\"height\":1280,\"caption\":\"Nainen seisoo mukulakivikadulla aurinkoisena p\u00e4iv\u00e4n\u00e4, hymyilee ja katsoo kameraan. H\u00e4nell\u00e4 on aurinkolasit, sinivalkoinen kuviomekko ja valkoiset tennarit, ja h\u00e4n pit\u00e4\u00e4 k\u00e4dess\u00e4\u00e4n vaaleanpunaista ostoskassia; taustalla katu ja v\u00e4rikk\u00e4\u00e4t riippuvat varjostimet.\"},{\"@type\":\"BreadcrumbList\",\"@id\":\"https:\\\/\\\/www.fannymichel.se\\\/fi\\\/selena-short-dress-paisley-navy\\\/#breadcrumb\",\"itemListElement\":[{\"@type\":\"ListItem\",\"position\":1,\"name\":\"Hem\",\"item\":\"https:\\\/\\\/www.fannymichel.se\\\/fi\\\/\"},{\"@type\":\"ListItem\",\"position\":2,\"name\":\"Shop\",\"item\":\"https:\\\/\\\/www.fannymichel.se\\\/butik\\\/\"},{\"@type\":\"ListItem\",\"position\":3,\"name\":\"Selena Short dress &#8211; Paisley &#8211; Navy\"}]},{\"@type\":\"WebSite\",\"@id\":\"https:\\\/\\\/www.fannymichel.se\\\/fi\\\/#website\",\"url\":\"https:\\\/\\\/www.fannymichel.se\\\/fi\\\/\",\"name\":\"Fanny Michel\",\"description\":\"\",\"potentialAction\":[{\"@type\":\"SearchAction\",\"target\":{\"@type\":\"EntryPoint\",\"urlTemplate\":\"https:\\\/\\\/www.fannymichel.se\\\/fi\\\/?s={search_term_string}\"},\"query-input\":{\"@type\":\"PropertyValueSpecification\",\"valueRequired\":true,\"valueName\":\"search_term_string\"}}],\"inLanguage\":\"en-GB\"}]}<\/script>\n<!-- \/ Yoast SEO plugin. -->","yoast_head_json":{"title":"Selena Short dress - Paisley - Navy - Fanny Michel","robots":{"index":"index","follow":"follow","max-snippet":"max-snippet:-1","max-image-preview":"max-image-preview:large","max-video-preview":"max-video-preview:-1"},"canonical":"https:\/\/www.fannymichel.se\/fi\/selena-short-dress-paisley-navy\/","og_locale":"en_GB","og_type":"article","og_title":"Selena Short dress - Paisley - Navy - Fanny Michel","og_description":"Beautiful dress with a nice pattern and small sleeves! Is smocked at the waist and pockets on the side. Dimensions: Onesize Waist circumference: approx. 62 cm, can be stretched to approx. 100 cm Length from shoulder to bottom: approx. 107 cm &#8212;&#8212;&#8212;&#8212;&#8212;&#8212;&#8212;&#8212;&#8212;&#8212;&#8212;&#8212;&#8212;&#8212;&#8212;&#8212;&#8212;&#8212;&#8212;&#8212;&#8212;&#8212;&#8211; Onesize, fits approximately XS\/34 &#8211; small L\/40 Read more under specifications.","og_url":"https:\/\/www.fannymichel.se\/fi\/selena-short-dress-paisley-navy\/","og_site_name":"Fanny Michel","article_modified_time":"2026-04-30T12:15:53+00:00","og_image":[{"width":806,"height":1280,"url":"https:\/\/www.fannymichel.se\/wp-content\/uploads\/2025\/04\/whatsapp-image-2025-04-03-at-171859-2.jpeg","type":"image\/jpeg"}],"twitter_card":"summary_large_image","twitter_misc":{"Estimated reading time":"1 minute"},"schema":{"@context":"https:\/\/schema.org","@graph":[{"@type":"WebPage","@id":"https:\/\/www.fannymichel.se\/fi\/selena-short-dress-paisley-navy\/","url":"https:\/\/www.fannymichel.se\/fi\/selena-short-dress-paisley-navy\/","name":"Selena Short dress - Paisley - Navy - Fanny Michel","isPartOf":{"@id":"https:\/\/www.fannymichel.se\/fi\/#website"},"primaryImageOfPage":{"@id":"https:\/\/www.fannymichel.se\/fi\/selena-short-dress-paisley-navy\/#primaryimage"},"image":{"@id":"https:\/\/www.fannymichel.se\/fi\/selena-short-dress-paisley-navy\/#primaryimage"},"thumbnailUrl":"https:\/\/www.fannymichel.se\/wp-content\/uploads\/2025\/04\/whatsapp-image-2025-04-03-at-171859-2.jpeg","datePublished":"2026-04-23T12:05:06+00:00","dateModified":"2026-04-30T12:15:53+00:00","breadcrumb":{"@id":"https:\/\/www.fannymichel.se\/fi\/selena-short-dress-paisley-navy\/#breadcrumb"},"inLanguage":"en-GB","potentialAction":[{"@type":"ReadAction","target":["https:\/\/www.fannymichel.se\/fi\/selena-short-dress-paisley-navy\/"]}]},{"@type":"ImageObject","inLanguage":"en-GB","@id":"https:\/\/www.fannymichel.se\/fi\/selena-short-dress-paisley-navy\/#primaryimage","url":"https:\/\/www.fannymichel.se\/wp-content\/uploads\/2025\/04\/whatsapp-image-2025-04-03-at-171859-2.jpeg","contentUrl":"https:\/\/www.fannymichel.se\/wp-content\/uploads\/2025\/04\/whatsapp-image-2025-04-03-at-171859-2.jpeg","width":806,"height":1280,"caption":"Nainen seisoo mukulakivikadulla aurinkoisena p\u00e4iv\u00e4n\u00e4, hymyilee ja katsoo kameraan. H\u00e4nell\u00e4 on aurinkolasit, sinivalkoinen kuviomekko ja valkoiset tennarit, ja h\u00e4n pit\u00e4\u00e4 k\u00e4dess\u00e4\u00e4n vaaleanpunaista ostoskassia; taustalla katu ja v\u00e4rikk\u00e4\u00e4t riippuvat varjostimet."},{"@type":"BreadcrumbList","@id":"https:\/\/www.fannymichel.se\/fi\/selena-short-dress-paisley-navy\/#breadcrumb","itemListElement":[{"@type":"ListItem","position":1,"name":"Hem","item":"https:\/\/www.fannymichel.se\/fi\/"},{"@type":"ListItem","position":2,"name":"Shop","item":"https:\/\/www.fannymichel.se\/butik\/"},{"@type":"ListItem","position":3,"name":"Selena Short dress &#8211; Paisley &#8211; Navy"}]},{"@type":"WebSite","@id":"https:\/\/www.fannymichel.se\/fi\/#website","url":"https:\/\/www.fannymichel.se\/fi\/","name":"Fanny Michel","description":"","potentialAction":[{"@type":"SearchAction","target":{"@type":"EntryPoint","urlTemplate":"https:\/\/www.fannymichel.se\/fi\/?s={search_term_string}"},"query-input":{"@type":"PropertyValueSpecification","valueRequired":true,"valueName":"search_term_string"}}],"inLanguage":"en-GB"}]}},"jetpack_sharing_enabled":true,"_links":{"self":[{"href":"https:\/\/www.fannymichel.se\/fi\/wp-json\/wp\/v2\/product\/608297","targetHints":{"allow":["GET"]}}],"collection":[{"href":"https:\/\/www.fannymichel.se\/fi\/wp-json\/wp\/v2\/product"}],"about":[{"href":"https:\/\/www.fannymichel.se\/fi\/wp-json\/wp\/v2\/types\/product"}],"replies":[{"embeddable":true,"href":"https:\/\/www.fannymichel.se\/fi\/wp-json\/wp\/v2\/comments?post=608297"}],"wp:featuredmedia":[{"embeddable":true,"href":"https:\/\/www.fannymichel.se\/fi\/wp-json\/wp\/v2\/media\/608660"}],"wp:attachment":[{"href":"https:\/\/www.fannymichel.se\/fi\/wp-json\/wp\/v2\/media?parent=608297"}],"wp:term":[{"taxonomy":"product_brand","embeddable":true,"href":"https:\/\/www.fannymichel.se\/fi\/wp-json\/wp\/v2\/product_brand?post=608297"},{"taxonomy":"product_cat","embeddable":true,"href":"https:\/\/www.fannymichel.se\/fi\/wp-json\/wp\/v2\/product_cat?post=608297"},{"taxonomy":"product_tag","embeddable":true,"href":"https:\/\/www.fannymichel.se\/fi\/wp-json\/wp\/v2\/product_tag?post=608297"}],"curies":[{"name":"wp","href":"https:\/\/api.w.org\/{rel}","templated":true}]}}

<!-- This site is optimized with the Yoast SEO plugin v27.5 - https://yoast.com/product/yoast-seo-wordpress/ -->
<title>Selena Short dress - Paisley - Navy - Fanny Michel</title>
<meta name="robots" content="index, follow, max-snippet:-1, max-image-preview:large, max-video-preview:-1" />
<link rel="canonical" href="https://www.fannymichel.se/fi/selena-short-dress-paisley-navy/" />
<meta property="og:locale" content="en_GB" />
<meta property="og:type" content="article" />
<meta property="og:title" content="Selena Short dress - Paisley - Navy - Fanny Michel" />
<meta property="og:description" content="Beautiful dress with a nice pattern and small sleeves! Is smocked at the waist and pockets on the side. Dimensions: Onesize Waist circumference: approx. 62 cm, can be stretched to approx. 100 cm Length from shoulder to bottom: approx. 107 cm &#8212;&#8212;&#8212;&#8212;&#8212;&#8212;&#8212;&#8212;&#8212;&#8212;&#8212;&#8212;&#8212;&#8212;&#8212;&#8212;&#8212;&#8212;&#8212;&#8212;&#8212;&#8212;&#8211; Onesize, fits approximately XS/34 &#8211; small L/40 Read more under specifications." />
<meta property="og:url" content="https://www.fannymichel.se/fi/selena-short-dress-paisley-navy/" />
<meta property="og:site_name" content="Fanny Michel" />
<meta property="article:modified_time" content="2026-04-30T12:15:53+00:00" />
<meta property="og:image" content="https://www.fannymichel.se/wp-content/uploads/2025/04/whatsapp-image-2025-04-03-at-171859-2.jpeg" />
	<meta property="og:image:width" content="806" />
	<meta property="og:image:height" content="1280" />
	<meta property="og:image:type" content="image/jpeg" />
<meta name="twitter:card" content="summary_large_image" />
<meta name="twitter:label1" content="Estimated reading time" />
	<meta name="twitter:data1" content="1 minute" />
<script type="application/ld+json" class="yoast-schema-graph">{"@context":"https:\/\/schema.org","@graph":[{"@type":"WebPage","@id":"https:\/\/www.fannymichel.se\/fi\/selena-short-dress-paisley-navy\/","url":"https:\/\/www.fannymichel.se\/fi\/selena-short-dress-paisley-navy\/","name":"Selena Short dress - Paisley - Navy - Fanny Michel","isPartOf":{"@id":"https:\/\/www.fannymichel.se\/fi\/#website"},"primaryImageOfPage":{"@id":"https:\/\/www.fannymichel.se\/fi\/selena-short-dress-paisley-navy\/#primaryimage"},"image":{"@id":"https:\/\/www.fannymichel.se\/fi\/selena-short-dress-paisley-navy\/#primaryimage"},"thumbnailUrl":"https:\/\/www.fannymichel.se\/wp-content\/uploads\/2025\/04\/whatsapp-image-2025-04-03-at-171859-2.jpeg","datePublished":"2026-04-23T12:05:06+00:00","dateModified":"2026-04-30T12:15:53+00:00","breadcrumb":{"@id":"https:\/\/www.fannymichel.se\/fi\/selena-short-dress-paisley-navy\/#breadcrumb"},"inLanguage":"en-GB","potentialAction":[{"@type":"ReadAction","target":["https:\/\/www.fannymichel.se\/fi\/selena-short-dress-paisley-navy\/"]}]},{"@type":"ImageObject","inLanguage":"en-GB","@id":"https:\/\/www.fannymichel.se\/fi\/selena-short-dress-paisley-navy\/#primaryimage","url":"https:\/\/www.fannymichel.se\/wp-content\/uploads\/2025\/04\/whatsapp-image-2025-04-03-at-171859-2.jpeg","contentUrl":"https:\/\/www.fannymichel.se\/wp-content\/uploads\/2025\/04\/whatsapp-image-2025-04-03-at-171859-2.jpeg","width":806,"height":1280,"caption":"Nainen seisoo mukulakivikadulla aurinkoisena päivänä, hymyilee ja katsoo kameraan. Hänellä on aurinkolasit, sinivalkoinen kuviomekko ja valkoiset tennarit, ja hän pitää kädessään vaaleanpunaista ostoskassia; taustalla katu ja värikkäät riippuvat varjostimet."},{"@type":"BreadcrumbList","@id":"https:\/\/www.fannymichel.se\/fi\/selena-short-dress-paisley-navy\/#breadcrumb","itemListElement":[{"@type":"ListItem","position":1,"name":"Hem","item":"https:\/\/www.fannymichel.se\/fi\/"},{"@type":"ListItem","position":2,"name":"Shop","item":"https:\/\/www.fannymichel.se\/butik\/"},{"@type":"ListItem","position":3,"name":"Selena Short dress &#8211; Paisley &#8211; Navy"}]},{"@type":"WebSite","@id":"https:\/\/www.fannymichel.se\/fi\/#website","url":"https:\/\/www.fannymichel.se\/fi\/","name":"Fanny Michel","description":"","potentialAction":[{"@type":"SearchAction","target":{"@type":"EntryPoint","urlTemplate":"https:\/\/www.fannymichel.se\/fi\/?s={search_term_string}"},"query-input":{"@type":"PropertyValueSpecification","valueRequired":true,"valueName":"search_term_string"}}],"inLanguage":"en-GB"}]}</script>
<!-- / Yoast SEO plugin. -->

Nainen seisoo mukulakivikadulla aurinkoisena päivänä, hymyilee ja katsoo kameraan. Hänellä on aurinkolasit, sinivalkoinen kuviomekko ja valkoiset tennarit, ja hän pitää kädessään vaaleanpunaista ostoskassia; taustalla katu ja värikkäät riippuvat varjostimet.
